{"id":15,"date":"2021-07-01T09:58:44","date_gmt":"2021-07-01T09:58:44","guid":{"rendered":"https:\/\/www.tliy.ee\/?page_id=15"},"modified":"2021-07-01T10:44:29","modified_gmt":"2021-07-01T10:44:29","slug":"uhingust","status":"publish","type":"page","link":"https:\/\/tliy.ee\/","title":{"rendered":"\u00dchingust"},"content":{"rendered":"\n<p>Tallinna Liikumispuudega Inimeste \u00dching on asutatud 1988.aastal. \u00dchingu liikmeteks v\u00f5ivad olla k\u00f5ik Tallinnas ja selle l\u00e4hi\u00fcmbruses elavad liikumispuudega inimesed, samuti vastavalt \u00dchingu p\u00f5hikirjale f\u00fc\u00fcsilised ja juriidilised isikud, kes soovivad tegutseda \u00dchingu p\u00f5hikirjaliste \u00fclesannete t\u00e4itmise nimel.<\/p>\n\n\n\n<p>TLI\u00dc loeb oma p\u00f5hilisteks \u00fclesanneteks:<br>-esindada munitsipaal- ja riigiv\u00f5imu ees Tallinna liikumispuudega inimeste huve;<br>-integreerida liikumispuudega inimesi Tallinna igap\u00e4evaellu, taotledes selleks tingimusi munitsipaalv\u00f5imudelt;<br>-organiseerida liikumispuudega inimeste \u00fchistegevust ja tihendada suhteid naaberriikide s\u00f5sar\u00fchingutega;<br>-parandada puudega inimeste t\u00f6\u00f6h\u00f5ivet, organiseerida v\u00e4lja\u00f5pet<\/p>\n","protected":false},"excerpt":{"rendered":"<p>Tallinna Liikumispuudega Inimeste \u00dching on asutatud 1988.aastal. \u00dchingu liikmeteks v\u00f5ivad olla k\u00f5ik Tallinnas ja selle l\u00e4hi\u00fcmbruses elavad liikumispuudega inimesed, samuti vastavalt \u00dchingu p\u00f5hikirjale f\u00fc\u00fcsilised ja juriidilised isikud, kes soovivad tegutseda \u00dchingu p\u00f5hikirjaliste \u00fclesannete t\u00e4itmise nimel. TLI\u00dc loeb oma p\u00f5hilisteks \u00fclesanneteks:-esindada munitsipaal- ja riigiv\u00f5imu ees Tallinna liikumispuudega inimeste huve;-integreerida liikumispuudega inimesi Tallinna igap\u00e4evaellu, taotledes selleks tingimusi [&hellip;]<\/p>\n","protected":false},"author":1,"featured_media":0,"parent":0,"menu_order":0,"comment_status":"closed","ping_status":"closed","template":"","meta":{"footnotes":""},"class_list":["post-15","page","type-page","status-publish","hentry"],"_links":{"self":[{"href":"https:\/\/tliy.ee\/index.php?rest_route=\/wp\/v2\/pages\/15","targetHints":{"allow":["GET"]}}],"collection":[{"href":"https:\/\/tliy.ee\/index.php?rest_route=\/wp\/v2\/pages"}],"about":[{"href":"https:\/\/tliy.ee\/index.php?rest_route=\/wp\/v2\/types\/page"}],"author":[{"embeddable":true,"href":"https:\/\/tliy.ee\/index.php?rest_route=\/wp\/v2\/users\/1"}],"replies":[{"embeddable":true,"href":"https:\/\/tliy.ee\/index.php?rest_route=%2Fwp%2Fv2%2Fcomments&post=15"}],"version-history":[{"count":2,"href":"https:\/\/tliy.ee\/index.php?rest_route=\/wp\/v2\/pages\/15\/revisions"}],"predecessor-version":[{"id":34,"href":"https:\/\/tliy.ee\/index.php?rest_route=\/wp\/v2\/pages\/15\/revisions\/34"}],"wp:attachment":[{"href":"https:\/\/tliy.ee\/index.php?rest_route=%2Fwp%2Fv2%2Fmedia&parent=15"}],"curies":[{"name":"wp","href":"https:\/\/api.w.org\/{rel}","templated":true}]}}